prime factors of (-4 + 8 + -55)/g.
3, 17
Suppose 5*s - 25 = i, -3*i - 7 = -3*s - 4*i. Suppose 39 = 9*o - 6*o. Suppose m - s = o. What are the prime factors of m?
17
Suppose -4*z - y - 373 = -1677, 0 = -5*z - 3*y + 1637. What are the prime factors of z?
5, 13
What are the prime factors of (-1 + -5 - -437)*1/1?
431
Let c(m) = -303*m**2 - m - 1. Let n be c(-1). Let g = -1575 - n. List the prime factors of (g/(-60))/((-4)/(-10)).
53
Suppose -3*z + 152 = l - 289, 718 = 5*z - 4*l. List the prime factors of z.
2, 73
Let s be 4 + -3 + 3 + 2. Let i be ((-12)/14)/((-12)/112). Suppose -4*w + s*w = i. What are the prime factors of w?
2
Suppose 21*o - 20*o - 10 = 0. Let l be (-1926)/o + (-21)/(-35). What are the prime factors of 4/(l/(-92) - 2)?
2, 23
Let g = -429 + 1650. List the prime factors of g.
3, 11, 37
Let x(s) be the second derivative of -s**4/12 + 2*s**3 - 5*s**2 - 5*s. Let i be x(10). List the prime factors of 204/i - (-2)/(-5).
2, 5
Suppose -y + q - 2*q + 1551 = 0, 1576 = y - 4*q. List the prime factors of y.
2, 389
Suppose 5*p = 2*p - 5*s, 0 = -3*p + 5*s. Let d = -116 - -113. List the prime factors of (d - p)*(-12 + -3).
3, 5
Let q(k) = 21*k - 5. Let j(o) = -3*o**2 + 4*o - 5. Let h(t) = -2*t**2 + 2*t - 2. Let w(x) = 5*h(x) - 3*j(x). Let u be w(-3). What are the prime factors of q(u)?
37
Suppose 58*t - 51*t - 1449 = 0. List the prime factors of t.
3, 23
Suppose t = 4 - 0. Suppose -t*f + 604 = -3*i + 5*i, -4*f = -i - 610. Suppose f = 5*j - 113. List the prime factors of j.
53
Let f = 44 - 39. What are the prime factors of f/(-15)*2*(-201)/2?
67
Suppose 4*r - 2*r - 118 = 0. Let x = -16 + r. List the prime factors of x.
43
Let p = -396 - -396. Suppose 0 = 5*v + 89 - 14. List the prime factors of (-30)/v + (18 - p).
2, 5
Let a be (1/1)/(2/146). Let n = a + 9. Suppose 2*r + 5*k - 3*k = 36, -3*r + 4*k + n = 0. List the prime factors of r.
2, 11
Suppose -3 - 1 = 2*d. Let v(h) = 5*h**3 + 1 + 26*h**2 + 2*h - 26*h**2 - 8*h**3. List the prime factors of v(d).
3, 7
Suppose 0*l - l + 3622 = 3*w, 0 = -5*w - 3*l + 6042. Suppose 6*k - w + 354 = 0. List the prime factors of k.
2, 71
Let j = 12 - 9. Suppose v + q = 52, 0 = -j*v - q + 3*q + 141. What are the prime factors of v?
7
Suppose 4*b + 5*w = -110 + 1464, 5*b = -5*w + 1695. What are the prime factors of b?
11, 31
Let o(m) = -m**2 - 9*m - 18. Let h be o(-6). Suppose -2*j - 2*j + 352 = h. List the prime factors of j.
2, 11
Let f(s) = -873*s**3 - 4*s**2 + s + 4. List the prime factors of f(-1).
2, 109
Let j be ((-12 + 12)*(1 + -2))/2. Suppose -r - v = -5*r + 413, r - 3*v - 95 = j. What are the prime factors of r?
2, 13
Let r = -1090 + 1810. Suppose -r = -4*k - 0. List the prime factors of k.
2, 3, 5
Suppose -4835 = -181*q + 176*q. List the prime factors of q.
967
Suppose 8*x - 5 = 3*x + l, 2*x - 2 = -4*l. Let u be (-13)/((1 - 3) + x). What are the prime factors of 3 + (u - 2) - -2?
2
Suppose 120*d - 20559 = 310041. What are the prime factors of d?
5, 19, 29
Let g(d) = -2*d**3 + d**2 - 3*d - 1. Let t = 12 + 1. Suppose 17 = -m - 4*z + 3, -5*m = z + t. What are the prime factors of g(m)?
5
Let r(b) = b**2 - 5*b. Suppose 2*u + 18 = 4*o, -4*o + 21 = o - 4*u. Let k be r(o). Suppose 3*j + j - 112 = k. What are the prime factors of j?
2, 7
Suppose 5*m = 4*m + 4. Suppose 60 = -7*f + m*f. Let k = 25 + f. List the prime factors of k.
5
Let p be 2/(4/(-16)*-2). Suppose -2*w + 6 = -p. Suppose -7*v + w*v + 16 = 0. What are the prime factors of v?
2
Let j(a) = 7*a**2 - 24*a. Let v(g) = -g**2 - 14*g + 6. Let z be v(-14). What are the prime factors of j(z)?
2, 3
Let y(k) = -3*k**3 - 11*k**2 - 50*k + 31. List the prime factors of y(-9).
1777
Let i be 3204/96 + 6/(-16). Let h = 43 - i. List the prime factors of h.
2, 5
Suppose 4*t - 5*t = -5, -4*c - 3*t + 10655 = 0. What are the prime factors of c?
2, 5, 7, 19
Suppose 22*s + 24 = 25*s. Let c(v) = 4*v**2 - 21*v + 17. List the prime factors of c(s).
3, 5, 7
Let z be (15/(-9) + 2)*39. Let k = z + 52. What are the prime factors of k?
5, 13
Suppose 0 = -q + 17 + 358. Suppose 5*u + 105 = q. What are the prime factors of u?
2, 3
Suppose -4*r - r = -620. Let p = r + -69. List the prime factors of p.
5, 11
Let u(o) = -3*o - 17. Let r be u(-8). Let h = r + -5. Suppose 4 = -h*l + 68. What are the prime factors of l?
2
Let t(u) = 1 + 0*u**2 + 5*u**2 + u - 4*u**2. Let v = 262 - 257. What are the prime factors of t(v)?
31
Let h(a) = 52*a**3 - 2*a - 3. Let z(v) = 105*v**3 - 5*v - 7. Let y(q) = -7*h(q) + 3*z(q). List the prime factors of y(-1).
2, 5
Let w = -9104 + 14102. What are the prime factors of w?
2, 3, 7, 17
Let i = -3748 - -6506. What are the prime factors of i?
2, 7, 197
Let f(k) = -4*k**2 + 15*k + 4. Let b be f(4). Suppose q + 40 = 5*a - 2*q, b = -a - 4*q + 8. What are the prime factors of a?
2
Let m = 4234 - 2365. List the prime factors of m.
3, 7, 89
Let r(f) = f**3 - 2*f**2 - 6*f + 2. Let m be r(4). Suppose -5*k + m = 0, -172 = -4*n - k - k. List the prime factors of n.
2, 3, 7
Let p = 10 + -5. Suppose a + 0*a = -p*d + 12, 6 = 5*d + 3*a. Suppose 3*f - 2*v = 66, 0*v = f + d*v - 11. List the prime factors of f.
2, 5
Suppose -3*y + 3*n = -201, 3*n - 107 - 252 = -5*y. Let i be 8/6 + y/6. Suppose 0*h + h = i. List the prime factors of h.
13
Let a be 2/2 + -2*2. Let v be 3 - -1*6/a. Let r = 16 + v. List the prime factors of r.
17
Suppose q + 3*q = -332. Let f be (-2 - 1)/(1/q). What are the prime factors of (-16)/(-40) + f/15?
17
Suppose 97*h - 90*h = 6202. What are the prime factors of h?
2, 443
Let h be (3/6)/((-1)/6). Let a be (-5)/((-10)/14) + h. Suppose z = a + 11. List the prime factors of z.
3, 5
Let b = 5657 + -3235. List the prime factors of b.
2, 7, 173
Suppose -4*h + k = -57, -7*k + 3*k - 74 = -5*h. Let x(u) = 2*u + 13. Let j be x(h). Suppose -j + 97 = 2*a. What are the prime factors of a?
2, 7
Let t(b) = 541*b**2 + 21*b - 20. List the prime factors of t(1).
2, 271
Let u = 1 + 96. What are the prime factors of u?
97
Let y(o) = -o**2 + 14*o. Let f be y(14). Suppose -2*l - l - 158 = 2*u, f = 4*l - 3*u + 205. Let b = l - -90. List the prime factors of b.
2, 19
What are the prime factors of 21/((-546)/(-39412)) + (-2)/(-13)?
2, 379
Let p(j) = j**3 + 7*j**2 - 6. Suppose 3*w + 5*t = -38, 3*w + 3*t = -0*w - 30. Let x be p(w). Suppose -5*a + 2*a = -x. List the prime factors of a.
2, 5
Suppose -v = 2*f + 75, -4*f - 20 - 125 = -3*v. Let u = f + 66. List the prime factors of u.
29
Let f(o) = o**3 + 37*o**2 + 17*o - 84. List the prime factors of f(-36).
2, 3, 5
Let r be (-110)/9 + 16/72. Let y = -26 - r. Let x(c) = -c**3 - 13*c**2 + 12*c - 18. List the prime factors of x(y).
2, 5
Let r be -2 - -3 - -193*3. Suppose -r = 3*q - 8*q. Suppose -3*z + q + 52 = 0. List the prime factors of z.
2, 7
Suppose 2*l + 2*q + 2*q - 8 = 0, -4*l - 4*q = 0. What are the prime factors of (-1)/l - 6/(48/(-478))?
2, 3, 5
Let b be (-5)/(15/(-6)) - 0. Suppose 2*r = 3*z - 148, -r - r = -b*z + 96. List the prime factors of z.
2, 13
Suppose -v = -2*j + 1642, 5*j + v = 3*v + 4103. List the prime factors of j.
3, 7, 13
Let v(x) = 4*x**2 - 3*x + 7. Let s be v(3). Suppose 0 = -3*t - s + 145. What are the prime factors of t?
37
Let u(h) = h**2 - 7. Let g be u(-3). Suppose -z - 88 = -g*z. What are the prime factors of z?
2, 11
Let u = -80 + 55. List the prime factors of 10/u - 102/(-5).
2, 5
Suppose 0 = -14*p + 5754 + 10668. What are the prime factors of p?
3, 17, 23
Suppose 2*u - 11 = 5*k + 4, -5*u = -2*k - 27. Let z = -2 + k. Let j = z + 15. List the prime factors of j.
2, 3
Suppose k + 0*i - 1522 = -4*i, 0 = 2*k - 4*i - 3080. What are the prime factors of k?
2, 13, 59
Let a = -79 - -134. Let r = 96 - a. Let p = r + -20. List the prime factors of p.
3, 7
Let w(q) be the third derivative of q**5/30 - 5*q**4/12 - 7*q**3/3 + 6*q**2. Let s be w(8). Suppose 5*f + s = 439. What are the prime factors of f?
3
Suppose -1 = -2*m + 5. Let h be (5/3)/(2/132). Suppose -m*d + 3*v = -81, 0*v = -4*d + 2*v + h. What are the prime factors of d?
2, 7
Let g be 2/14 + 3688/56. Suppose 3*c + 5 = -1, -4*z + 3*c = -g. Suppose -z = -2*w - 5. List the prime factors of w.
5
Let r(k) = 454*k**3 - 4*k**2 + 5*k - 2. List the prime factors of r(1).
3, 151
Suppose 0*x = 5*s + 2*x - 854, -3*x + 851 = 5*s. List the prime factors of s.
2, 43
Let z